{"id":317,"date":"2015-04-22T14:34:09","date_gmt":"2015-04-22T14:34:09","guid":{"rendered":"http:\/\/www.ceciliotieles.com\/blog\/?page_id=317"},"modified":"2015-04-22T14:47:19","modified_gmt":"2015-04-22T14:47:19","slug":"opinion","status":"publish","type":"page","link":"http:\/\/www.ceciliotieles.com\/blog\/opinion\/","title":{"rendered":"Opini\u00f3n"},"content":{"rendered":"<h1><\/h1>\n<h1><\/h1>\n<h1>OPINI\u00d3N<\/h1>\n<p>&nbsp;<\/p>\n<p>REVISTA BOHEMIA.<strong>\u201c<\/strong><a title=\"Siempre con \u00e1nima\" href=\"https:\/\/luistoledosande.wordpress.com\/2014\/02\/05\/siempre-con-anima\/\" target=\"_blank\"><strong>Siempre con \u00e1nima<\/strong><\/a><strong>\u201d<\/strong><\/p>\n<p><a title=\"Siempre con \u00e1nima\" href=\"https:\/\/luistoledosande.wordpress.com\/2014\/02\/05\/siempre-con-anima\/\" target=\"_blank\"><strong>Cecilio Tieles protagoniza una l\u00facida y apasionada revaloraci\u00f3n de Nicol\u00e1s Ruiz Espadero, artista que enriqueci\u00f3 la cultura cubana<\/strong><\/a><\/p>\n<p><a href=\"https:\/\/luistoledosande.wordpress.com\/2014\/02\/05\/siempre-con-anima\/\" target=\"_blank\"><br \/>\n<\/a><\/p>\n<p>&nbsp;<\/p>\n<p>DIARIO EL FERROL. <strong><strong><\/strong><strong>\u201c<\/strong><a title=\"CONVERSANDO CON CECILIO TIELES\" href=\"http:\/\/www.diariodeferrol.com\/opinion\/julia-m-dopico-vale\/conversando-cecilio-tieles\/20140226010901076459.html\" target=\"_blank\">Conversando con Cecilio Tieles<\/a><strong>\u201d<\/strong><\/strong><\/p>\n<p><a href=\"https:\/\/luistoledosande.wordpress.com\/2014\/02\/05\/siempre-con-anima\/\" target=\"_blank\"><br title=\" CONVERSANDO CON CECILIO TIELES\" \/> <\/a><\/p>\n<p>&nbsp;<\/p>\n<p>DIARIO EL FERROL.<strong> \u201c<\/strong><a title=\"El euroafricano tiene una influencia en la cultura europea muy importante\" href=\"http:\/\/www.diariodeferrol.com\/articulo\/ferrol\/euroafricano-tiene-influencia-cultura-europea-muy-importante\/20140224220644076285.html\" target=\"_blank\"><strong>El euroafricano tiene una influencia en la cultura europea muy importante<\/strong><\/a><strong>\u201d<\/strong><\/p>\n<p><a href=\"https:\/\/luistoledosande.wordpress.com\/2014\/02\/05\/siempre-con-anima\/\" target=\"_blank\"><br title=\"El euroafricano tiene una influencia en la cultura europea muy importante\" \/> <\/a><\/p>\n<p>&nbsp;<\/p>\n<p>WORLDWIDE CUBAN MUSIC.<strong><strong> \u201c<\/strong><\/strong><a title=\"Si de pianismo cl\u00e1sico cubano se trata\u2026 el maestro Cecilio Tieles\" href=\"http:\/\/worldwidecubanmusic.com\/2015\/02\/13\/si-de-pianismo-clasico-cubano-se-trata-el-maestro-cecilio-tieles\/\" target=\"_blank\"><strong>Si de pianismo cl\u00e1sico cubano se trata\u2026 el maestro Cecilio Tieles<\/strong><\/a><strong><strong>\u201d<\/strong><\/strong><\/p>\n<p><a href=\"https:\/\/luistoledosande.wordpress.com\/2014\/02\/05\/siempre-con-anima\/\" target=\"_blank\"><br title=\"Si de pianismo cl\u00e1sico cubano se trata\u2026 el maestro Cecilio Tieles\" \/> <\/a><\/p>\n<p>&nbsp;<\/p>\n","protected":false},"excerpt":{"rendered":"<p>OPINI\u00d3N &nbsp; REVISTA BOHEMIA.\u201cSiempre con \u00e1nima\u201d Cecilio Tieles protagoniza una l\u00facida y apasionada revaloraci\u00f3n de Nicol\u00e1s Ruiz Espadero, artista que enriqueci\u00f3 la cultura cubana &nbsp; DIARIO EL FERROL. \u201cConversando con Cecilio Tieles\u201d &nbsp; DIARIO EL FERROL. \u201cEl euroafricano tiene una influencia en la cultura europea muy importante\u201d &nbsp; WORLDWIDE CUBAN MUSIC. \u201cSi de pianismo cl\u00e1sico [&hellip;]<\/p>\n","protected":false},"author":1,"featured_media":0,"parent":0,"menu_order":0,"comment_status":"open","ping_status":"closed","template":"","meta":{"ngg_post_thumbnail":0,"footnotes":""},"class_list":["post-317","page","type-page","status-publish","hentry"],"_links":{"self":[{"href":"http:\/\/www.ceciliotieles.com\/blog\/wp-json\/wp\/v2\/pages\/317","targetHints":{"allow":["GET"]}}],"collection":[{"href":"http:\/\/www.ceciliotieles.com\/blog\/wp-json\/wp\/v2\/pages"}],"about":[{"href":"http:\/\/www.ceciliotieles.com\/blog\/wp-json\/wp\/v2\/types\/page"}],"author":[{"embeddable":true,"href":"http:\/\/www.ceciliotieles.com\/blog\/wp-json\/wp\/v2\/users\/1"}],"replies":[{"embeddable":true,"href":"http:\/\/www.ceciliotieles.com\/blog\/wp-json\/wp\/v2\/comments?post=317"}],"version-history":[{"count":5,"href":"http:\/\/www.ceciliotieles.com\/blog\/wp-json\/wp\/v2\/pages\/317\/revisions"}],"predecessor-version":[{"id":320,"href":"http:\/\/www.ceciliotieles.com\/blog\/wp-json\/wp\/v2\/pages\/317\/revisions\/320"}],"wp:attachment":[{"href":"http:\/\/www.ceciliotieles.com\/blog\/wp-json\/wp\/v2\/media?parent=317"}],"curies":[{"name":"wp","href":"https:\/\/api.w.org\/{rel}","templated":true}]}}